{"id":28,"date":"2020-11-24T13:35:04","date_gmt":"2020-11-24T13:35:04","guid":{"rendered":"http:\/\/vom-klenna-xiberg.at\/?page_id=28"},"modified":"2020-11-28T20:20:59","modified_gmt":"2020-11-28T20:20:59","slug":"ueber-uns","status":"publish","type":"page","link":"https:\/\/vom-klenna-xiberg.at\/index.php\/ueber-uns\/","title":{"rendered":"\u00dcber uns"},"content":{"rendered":"\t\t<div data-elementor-type=\"wp-page\" data-elementor-id=\"28\" class=\"elementor elementor-28\">\n\t\t\t\t\t\t<section class=\"elementor-section elementor-top-section elementor-element elementor-element-3d3d9fc elementor-section-boxed elementor-section-height-default elementor-section-height-default\" data-id=\"3d3d9fc\" data-element_type=\"section\" data-e-type=\"section\">\n\t\t\t\t\t\t<div class=\"elementor-container elementor-column-gap-default\">\n\t\t\t\t\t<div class=\"elementor-column elementor-col-100 elementor-top-column elementor-element elementor-element-35e94b1\" data-id=\"35e94b1\" data-element_type=\"column\" data-e-type=\"column\">\n\t\t\t<div class=\"elementor-widget-wrap elementor-element-populated\">\n\t\t\t\t\t\t<div class=\"elementor-element elementor-element-8b47981 elementor-widget elementor-widget-image\" data-id=\"8b47981\" data-element_type=\"widget\" data-e-type=\"widget\" data-widget_type=\"image.default\">\n\t\t\t\t<div class=\"elementor-widget-container\">\n\t\t\t\t\t\t\t\t\t\t\t\t<figure class=\"wp-caption\">\n\t\t\t\t\t\t\t\t\t\t<img fetchpriority=\"high\" decoding=\"async\" width=\"676\" height=\"380\" src=\"https:\/\/vom-klenna-xiberg.at\/wp-content\/uploads\/2020\/11\/IMG-20200908-WA0030-1024x576.jpg\" class=\"attachment-large size-large wp-image-56\" alt=\"\" srcset=\"https:\/\/vom-klenna-xiberg.at\/wp-content\/uploads\/2020\/11\/IMG-20200908-WA0030-1024x576.jpg 1024w, https:\/\/vom-klenna-xiberg.at\/wp-content\/uploads\/2020\/11\/IMG-20200908-WA0030-300x169.jpg 300w, https:\/\/vom-klenna-xiberg.at\/wp-content\/uploads\/2020\/11\/IMG-20200908-WA0030-768x432.jpg 768w, https:\/\/vom-klenna-xiberg.at\/wp-content\/uploads\/2020\/11\/IMG-20200908-WA0030-1536x864.jpg 1536w, https:\/\/vom-klenna-xiberg.at\/wp-content\/uploads\/2020\/11\/IMG-20200908-WA0030-1140x641.jpg 1140w, https:\/\/vom-klenna-xiberg.at\/wp-content\/uploads\/2020\/11\/IMG-20200908-WA0030.jpg 1599w\" sizes=\"(max-width: 676px) 100vw, 676px\" \/>\t\t\t\t\t\t\t\t\t\t\t<figcaption class=\"widget-image-caption wp-caption-text\">Anja mit Alexi<\/figcaption>\n\t\t\t\t\t\t\t\t\t\t<\/figure>\n\t\t\t\t\t\t\t\t\t<\/div>\n\t\t\t\t<\/div>\n\t\t\t\t<div class=\"elementor-element elementor-element-5f6278a elementor-widget elementor-widget-text-editor\" data-id=\"5f6278a\" data-element_type=\"widget\" data-e-type=\"widget\" data-widget_type=\"text-editor.default\">\n\t\t\t\t<div class=\"elementor-widget-container\">\n\t\t\t\t\t\t\t\t\t<p>Im kleinen Vorarlberg (mundartlich- klenna Xiberg), dem westlichsten Bundesland \u00d6sterreichs sind wir zu Hause. In Lochau, eingebettet zwischen dem Pf\u00e4nder und dem Bodensee. Zu unserer Familie geh\u00f6ren: Omi Angelika, ich Anja, und meine Tochter Hannah. Dazu z\u00e4hlen nat\u00fcrlich unsere Entlebucherin Alexi, von uns Lexi genannt und Thea (Mrs.T), eine \u00e4ltere Mischlingsh\u00fcndin und Katze Lucy (Luzifer).<\/p><p>Wie wir auf den Entlebucher Sennenhund kamen!<\/p><p>2014 wollten wir zu Thea einen Zweithund, aber was sollte er mitbringen\u2026.nicht zu gro\u00df, doch agil\u2026.nicht zu viele Haare\u2026.schlau, gelehrig, freundlich und h\u00fcbsch anzusehen. Einen Entlebucher Sennenhund?? Was ist das genau f\u00fcr eine Rasse? Tats\u00e4chlich gab es bei uns im Dorf einen R\u00fcden, der uns unheimlich gut gefallen hat. Somit konnten wir diese Rasse direkt und live kennenlernen. Nach reichlichem Informieren machten wir uns auf die Suche nach einer seri\u00f6sen, verantwortungsvollen Zuchtst\u00e4tte. Leider gab es dort, nach zweimaliger Belegung keine Welpen und wir wurden 2016 zur Zuchtst\u00e4tte \u201evom Steindlhof\u201c verwiesen. Die H\u00fcndin war tr\u00e4chtig! Endlich konnten wir uns auf ein M\u00e4dchen freuen.<\/p><p>Im Oktober 2016 ist Lexi bei uns eingezogen! Zu der Zeit hatten wir in keinster Weise an eine Zucht gedacht. Wir sahen es als unsere Pflicht und in unserer Verantwortung, Lexi auf rassespezifische Krankheiten untersuchen zu lassen. Danach reifte die \u00dcberlegung, zur gesunden Erhaltung dieser geliebten Rasse beizutragen. 2018 gingen wir zur K\u00f6rung nach Salzburg, und dann stand der Zucht nichts mehr im Wege.<\/p><p>Wir sind Mitglied und Z\u00fcchter beim VSS\u00d6<\/p>\t\t\t\t\t\t\t\t<\/div>\n\t\t\t\t<\/div>\n\t\t\t\t\t<\/div>\n\t\t<\/div>\n\t\t\t\t\t<\/div>\n\t\t<\/section>\n\t\t\t\t<section class=\"elementor-section elementor-top-section elementor-element elementor-element-10b1e5a elementor-section-boxed elementor-section-height-default elementor-section-height-default\" data-id=\"10b1e5a\" data-element_type=\"section\" data-e-type=\"section\">\n\t\t\t\t\t\t<div class=\"elementor-container elementor-column-gap-default\">\n\t\t\t\t\t<div class=\"elementor-column elementor-col-33 elementor-top-column elementor-element elementor-element-7aa3467\" data-id=\"7aa3467\" data-element_type=\"column\" data-e-type=\"column\">\n\t\t\t<div class=\"elementor-widget-wrap elementor-element-populated\">\n\t\t\t\t\t\t<div class=\"elementor-element elementor-element-c1655f2 elementor-widget elementor-widget-image\" data-id=\"c1655f2\" data-element_type=\"widget\" data-e-type=\"widget\" data-widget_type=\"image.default\">\n\t\t\t\t<div class=\"elementor-widget-container\">\n\t\t\t\t\t\t\t\t\t\t\t\t<figure class=\"wp-caption\">\n\t\t\t\t\t\t\t\t\t\t<img decoding=\"async\" width=\"676\" height=\"507\" src=\"https:\/\/vom-klenna-xiberg.at\/wp-content\/uploads\/2020\/11\/IMG_20200415_144811-1024x768.jpg\" class=\"attachment-large size-large wp-image-62\" alt=\"\" srcset=\"https:\/\/vom-klenna-xiberg.at\/wp-content\/uploads\/2020\/11\/IMG_20200415_144811-1024x768.jpg 1024w, https:\/\/vom-klenna-xiberg.at\/wp-content\/uploads\/2020\/11\/IMG_20200415_144811-300x225.jpg 300w, https:\/\/vom-klenna-xiberg.at\/wp-content\/uploads\/2020\/11\/IMG_20200415_144811-768x576.jpg 768w, https:\/\/vom-klenna-xiberg.at\/wp-content\/uploads\/2020\/11\/IMG_20200415_144811-1536x1152.jpg 1536w, https:\/\/vom-klenna-xiberg.at\/wp-content\/uploads\/2020\/11\/IMG_20200415_144811-2048x1536.jpg 2048w, https:\/\/vom-klenna-xiberg.at\/wp-content\/uploads\/2020\/11\/IMG_20200415_144811-1140x855.jpg 1140w\" sizes=\"(max-width: 676px) 100vw, 676px\" \/>\t\t\t\t\t\t\t\t\t\t\t<figcaption class=\"widget-image-caption wp-caption-text\">Hannah Thea &amp; Lexi<\/figcaption>\n\t\t\t\t\t\t\t\t\t\t<\/figure>\n\t\t\t\t\t\t\t\t\t<\/div>\n\t\t\t\t<\/div>\n\t\t\t\t\t<\/div>\n\t\t<\/div>\n\t\t\t\t<div class=\"elementor-column elementor-col-33 elementor-top-column elementor-element elementor-element-1be426e\" data-id=\"1be426e\" data-element_type=\"column\" data-e-type=\"column\">\n\t\t\t<div class=\"elementor-widget-wrap elementor-element-populated\">\n\t\t\t\t\t\t<div class=\"elementor-element elementor-element-182aa83 elementor-widget elementor-widget-image\" data-id=\"182aa83\" data-element_type=\"widget\" data-e-type=\"widget\" data-widget_type=\"image.default\">\n\t\t\t\t<div class=\"elementor-widget-container\">\n\t\t\t\t\t\t\t\t\t\t\t\t<figure class=\"wp-caption\">\n\t\t\t\t\t\t\t\t\t\t<img decoding=\"async\" width=\"676\" height=\"507\" src=\"https:\/\/vom-klenna-xiberg.at\/wp-content\/uploads\/2020\/11\/IMG_20200429_142234-1-1024x768.jpg\" class=\"attachment-large size-large wp-image-61\" alt=\"\" srcset=\"https:\/\/vom-klenna-xiberg.at\/wp-content\/uploads\/2020\/11\/IMG_20200429_142234-1-1024x768.jpg 1024w, https:\/\/vom-klenna-xiberg.at\/wp-content\/uploads\/2020\/11\/IMG_20200429_142234-1-300x225.jpg 300w, https:\/\/vom-klenna-xiberg.at\/wp-content\/uploads\/2020\/11\/IMG_20200429_142234-1-768x576.jpg 768w, https:\/\/vom-klenna-xiberg.at\/wp-content\/uploads\/2020\/11\/IMG_20200429_142234-1-1536x1152.jpg 1536w, https:\/\/vom-klenna-xiberg.at\/wp-content\/uploads\/2020\/11\/IMG_20200429_142234-1-2048x1536.jpg 2048w, https:\/\/vom-klenna-xiberg.at\/wp-content\/uploads\/2020\/11\/IMG_20200429_142234-1-1140x855.jpg 1140w\" sizes=\"(max-width: 676px) 100vw, 676px\" \/>\t\t\t\t\t\t\t\t\t\t\t<figcaption class=\"widget-image-caption wp-caption-text\">Lexi &amp; Thea<\/figcaption>\n\t\t\t\t\t\t\t\t\t\t<\/figure>\n\t\t\t\t\t\t\t\t\t<\/div>\n\t\t\t\t<\/div>\n\t\t\t\t\t<\/div>\n\t\t<\/div>\n\t\t\t\t<div class=\"elementor-column elementor-col-33 elementor-top-column elementor-element elementor-element-483f1c5\" data-id=\"483f1c5\" data-element_type=\"column\" data-e-type=\"column\">\n\t\t\t<div class=\"elementor-widget-wrap\">\n\t\t\t\t\t\t\t<\/div>\n\t\t<\/div>\n\t\t\t\t\t<\/div>\n\t\t<\/section>\n\t\t\t\t<\/div>\n\t\t","protected":false},"excerpt":{"rendered":"<p>Anja mit Alexi Im kleinen Vorarlberg (mundartlich- klenna Xiberg), dem westlichsten Bundesland \u00d6sterreichs sind wir zu Hause. In Lochau, eingebettet zwischen dem Pf\u00e4nder und dem Bodensee. Zu unserer Familie geh\u00f6ren: Omi Angelika, ich Anja, und meine Tochter Hannah. Dazu z\u00e4hlen&#8230; <a class=\"more-link\" href=\"https:\/\/vom-klenna-xiberg.at\/index.php\/ueber-uns\/\">Weiterlesen &rarr;<\/a><\/p>\n","protected":false},"author":1,"featured_media":0,"parent":0,"menu_order":0,"comment_status":"closed","ping_status":"closed","template":"","meta":{"footnotes":""},"class_list":["post-28","page","type-page","status-publish","hentry"],"_links":{"self":[{"href":"https:\/\/vom-klenna-xiberg.at\/index.php\/wp-json\/wp\/v2\/pages\/28","targetHints":{"allow":["GET"]}}],"collection":[{"href":"https:\/\/vom-klenna-xiberg.at\/index.php\/wp-json\/wp\/v2\/pages"}],"about":[{"href":"https:\/\/vom-klenna-xiberg.at\/index.php\/wp-json\/wp\/v2\/types\/page"}],"author":[{"embeddable":true,"href":"https:\/\/vom-klenna-xiberg.at\/index.php\/wp-json\/wp\/v2\/users\/1"}],"replies":[{"embeddable":true,"href":"https:\/\/vom-klenna-xiberg.at\/index.php\/wp-json\/wp\/v2\/comments?post=28"}],"version-history":[{"count":10,"href":"https:\/\/vom-klenna-xiberg.at\/index.php\/wp-json\/wp\/v2\/pages\/28\/revisions"}],"predecessor-version":[{"id":134,"href":"https:\/\/vom-klenna-xiberg.at\/index.php\/wp-json\/wp\/v2\/pages\/28\/revisions\/134"}],"wp:attachment":[{"href":"https:\/\/vom-klenna-xiberg.at\/index.php\/wp-json\/wp\/v2\/media?parent=28"}],"curies":[{"name":"wp","href":"https:\/\/api.w.org\/{rel}","templated":true}]}}

Über uns

<div data-elementor-type="wp-page" data-elementor-id="28" class="elementor elementor-28">
						<section class="elementor-section elementor-top-section elementor-element elementor-element-3d3d9fc elementor-section-boxed elementor-section-height-default elementor-section-height-default" data-id="3d3d9fc" data-element_type="section" data-e-type="section">
						<div class="elementor-container elementor-column-gap-default">
					<div class="elementor-column elementor-col-100 elementor-top-column elementor-element elementor-element-35e94b1" data-id="35e94b1" data-element_type="column" data-e-type="column">
			<div class="elementor-widget-wrap elementor-element-populated">
						<div class="elementor-element elementor-element-8b47981 elementor-widget elementor-widget-image" data-id="8b47981" data-element_type="widget" data-e-type="widget" data-widget_type="image.default">
				<div class="elementor-widget-container">
												<figure class="wp-caption">
										<img fetchpriority="high" decoding="async" width="676" height="380" src="https://vom-klenna-xiberg.at/wp-content/uploads/2020/11/IMG-20200908-WA0030-1024x576.jpg" class="attachment-large size-large wp-image-56" alt="" srcset="https://vom-klenna-xiberg.at/wp-content/uploads/2020/11/IMG-20200908-WA0030-1024x576.jpg 1024w, https://vom-klenna-xiberg.at/wp-content/uploads/2020/11/IMG-20200908-WA0030-300x169.jpg 300w, https://vom-klenna-xiberg.at/wp-content/uploads/2020/11/IMG-20200908-WA0030-768x432.jpg 768w, https://vom-klenna-xiberg.at/wp-content/uploads/2020/11/IMG-20200908-WA0030-1536x864.jpg 1536w, https://vom-klenna-xiberg.at/wp-content/uploads/2020/11/IMG-20200908-WA0030-1140x641.jpg 1140w, https://vom-klenna-xiberg.at/wp-content/uploads/2020/11/IMG-20200908-WA0030.jpg 1599w" sizes="(max-width: 676px) 100vw, 676px" />											<figcaption class="widget-image-caption wp-caption-text">Anja mit Alexi</figcaption>
										</figure>
									</div>
				</div>
				<div class="elementor-element elementor-element-5f6278a elementor-widget elementor-widget-text-editor" data-id="5f6278a" data-element_type="widget" data-e-type="widget" data-widget_type="text-editor.default">
				<div class="elementor-widget-container">
									<p>Im kleinen Vorarlberg (mundartlich- klenna Xiberg), dem westlichsten Bundesland Österreichs sind wir zu Hause. In Lochau, eingebettet zwischen dem Pfänder und dem Bodensee. Zu unserer Familie gehören: Omi Angelika, ich Anja, und meine Tochter Hannah. Dazu zählen natürlich unsere Entlebucherin Alexi, von uns Lexi genannt und Thea (Mrs.T), eine ältere Mischlingshündin und Katze Lucy (Luzifer).</p><p>Wie wir auf den Entlebucher Sennenhund kamen!</p><p>2014 wollten wir zu Thea einen Zweithund, aber was sollte er mitbringen….nicht zu groß, doch agil….nicht zu viele Haare….schlau, gelehrig, freundlich und hübsch anzusehen. Einen Entlebucher Sennenhund?? Was ist das genau für eine Rasse? Tatsächlich gab es bei uns im Dorf einen Rüden, der uns unheimlich gut gefallen hat. Somit konnten wir diese Rasse direkt und live kennenlernen. Nach reichlichem Informieren machten wir uns auf die Suche nach einer seriösen, verantwortungsvollen Zuchtstätte. Leider gab es dort, nach zweimaliger Belegung keine Welpen und wir wurden 2016 zur Zuchtstätte „vom Steindlhof“ verwiesen. Die Hündin war trächtig! Endlich konnten wir uns auf ein Mädchen freuen.</p><p>Im Oktober 2016 ist Lexi bei uns eingezogen! Zu der Zeit hatten wir in keinster Weise an eine Zucht gedacht. Wir sahen es als unsere Pflicht und in unserer Verantwortung, Lexi auf rassespezifische Krankheiten untersuchen zu lassen. Danach reifte die Überlegung, zur gesunden Erhaltung dieser geliebten Rasse beizutragen. 2018 gingen wir zur Körung nach Salzburg, und dann stand der Zucht nichts mehr im Wege.</p><p>Wir sind Mitglied und Züchter beim VSSÖ</p>								</div>
				</div>
					</div>
		</div>
					</div>
		</section>
				<section class="elementor-section elementor-top-section elementor-element elementor-element-10b1e5a elementor-section-boxed elementor-section-height-default elementor-section-height-default" data-id="10b1e5a" data-element_type="section" data-e-type="section">
						<div class="elementor-container elementor-column-gap-default">
					<div class="elementor-column elementor-col-33 elementor-top-column elementor-element elementor-element-7aa3467" data-id="7aa3467" data-element_type="column" data-e-type="column">
			<div class="elementor-widget-wrap elementor-element-populated">
						<div class="elementor-element elementor-element-c1655f2 elementor-widget elementor-widget-image" data-id="c1655f2" data-element_type="widget" data-e-type="widget" data-widget_type="image.default">
				<div class="elementor-widget-container">
												<figure class="wp-caption">
										<img decoding="async" width="676" height="507" src="https://vom-klenna-xiberg.at/wp-content/uploads/2020/11/IMG_20200415_144811-1024x768.jpg" class="attachment-large size-large wp-image-62" alt="" srcset="https://vom-klenna-xiberg.at/wp-content/uploads/2020/11/IMG_20200415_144811-1024x768.jpg 1024w, https://vom-klenna-xiberg.at/wp-content/uploads/2020/11/IMG_20200415_144811-300x225.jpg 300w, https://vom-klenna-xiberg.at/wp-content/uploads/2020/11/IMG_20200415_144811-768x576.jpg 768w, https://vom-klenna-xiberg.at/wp-content/uploads/2020/11/IMG_20200415_144811-1536x1152.jpg 1536w, https://vom-klenna-xiberg.at/wp-content/uploads/2020/11/IMG_20200415_144811-2048x1536.jpg 2048w, https://vom-klenna-xiberg.at/wp-content/uploads/2020/11/IMG_20200415_144811-1140x855.jpg 1140w" sizes="(max-width: 676px) 100vw, 676px" />											<figcaption class="widget-image-caption wp-caption-text">Hannah Thea &amp; Lexi</figcaption>
										</figure>
									</div>
				</div>
					</div>
		</div>
				<div class="elementor-column elementor-col-33 elementor-top-column elementor-element elementor-element-1be426e" data-id="1be426e" data-element_type="column" data-e-type="column">
			<div class="elementor-widget-wrap elementor-element-populated">
						<div class="elementor-element elementor-element-182aa83 elementor-widget elementor-widget-image" data-id="182aa83" data-element_type="widget" data-e-type="widget" data-widget_type="image.default">
				<div class="elementor-widget-container">
												<figure class="wp-caption">
										<img decoding="async" width="676" height="507" src="https://vom-klenna-xiberg.at/wp-content/uploads/2020/11/IMG_20200429_142234-1-1024x768.jpg" class="attachment-large size-large wp-image-61" alt="" srcset="https://vom-klenna-xiberg.at/wp-content/uploads/2020/11/IMG_20200429_142234-1-1024x768.jpg 1024w, https://vom-klenna-xiberg.at/wp-content/uploads/2020/11/IMG_20200429_142234-1-300x225.jpg 300w, https://vom-klenna-xiberg.at/wp-content/uploads/2020/11/IMG_20200429_142234-1-768x576.jpg 768w, https://vom-klenna-xiberg.at/wp-content/uploads/2020/11/IMG_20200429_142234-1-1536x1152.jpg 1536w, https://vom-klenna-xiberg.at/wp-content/uploads/2020/11/IMG_20200429_142234-1-2048x1536.jpg 2048w, https://vom-klenna-xiberg.at/wp-content/uploads/2020/11/IMG_20200429_142234-1-1140x855.jpg 1140w" sizes="(max-width: 676px) 100vw, 676px" />											<figcaption class="widget-image-caption wp-caption-text">Lexi &amp; Thea</figcaption>
										</figure>
									</div>
				</div>
					</div>
		</div>
				<div class="elementor-column elementor-col-33 elementor-top-column elementor-element elementor-element-483f1c5" data-id="483f1c5" data-element_type="column" data-e-type="column">
			<div class="elementor-widget-wrap">
							</div>
		</div>
					</div>
		</section>
				</div>

<p>Anja mit Alexi Im kleinen Vorarlberg (mundartlich- klenna Xiberg), dem westlichsten Bundesland Österreichs sind wir zu Hause. In Lochau, eingebettet zwischen dem Pfänder und dem Bodensee. Zu unserer Familie gehören: Omi Angelika, ich Anja, und meine Tochter Hannah. Dazu zählen&#8230; <a class="more-link" href="https://vom-klenna-xiberg.at/index.php/ueber-uns/">Weiterlesen &rarr;</a></p>
