{"id":19,"date":"2020-11-24T13:33:02","date_gmt":"2020-11-24T13:33:02","guid":{"rendered":"http:\/\/vom-klenna-xiberg.at\/?page_id=19"},"modified":"2022-09-08T19:12:15","modified_gmt":"2022-09-08T19:12:15","slug":"alexi-vom-steindlhof","status":"publish","type":"page","link":"https:\/\/vom-klenna-xiberg.at\/index.php\/alexi-vom-steindlhof\/","title":{"rendered":"Alexi vom Steindlhof"},"content":{"rendered":"\t\t<div data-elementor-type=\"wp-page\" data-elementor-id=\"19\" class=\"elementor elementor-19\">\n\t\t\t\t\t\t<section class=\"elementor-section elementor-top-section elementor-element elementor-element-16742ef elementor-section-boxed elementor-section-height-default elementor-section-height-default\" data-id=\"16742ef\" data-element_type=\"section\" data-e-type=\"section\">\n\t\t\t\t\t\t<div class=\"elementor-container elementor-column-gap-default\">\n\t\t\t\t\t<div class=\"elementor-column elementor-col-100 elementor-top-column elementor-element elementor-element-1f14d12\" data-id=\"1f14d12\" data-element_type=\"column\" data-e-type=\"column\">\n\t\t\t<div class=\"elementor-widget-wrap elementor-element-populated\">\n\t\t\t\t\t\t<div class=\"elementor-element elementor-element-505084b elementor-widget elementor-widget-image\" data-id=\"505084b\" data-element_type=\"widget\" data-e-type=\"widget\" data-widget_type=\"image.default\">\n\t\t\t\t<div class=\"elementor-widget-container\">\n\t\t\t\t\t\t\t\t\t\t\t\t<figure class=\"wp-caption\">\n\t\t\t\t\t\t\t\t\t\t<img fetchpriority=\"high\" decoding=\"async\" width=\"676\" height=\"815\" src=\"https:\/\/vom-klenna-xiberg.at\/wp-content\/uploads\/2020\/11\/Screenshot_20200916_210448-849x1024.jpg\" class=\"attachment-large size-large wp-image-77\" alt=\"\" srcset=\"https:\/\/vom-klenna-xiberg.at\/wp-content\/uploads\/2020\/11\/Screenshot_20200916_210448-849x1024.jpg 849w, https:\/\/vom-klenna-xiberg.at\/wp-content\/uploads\/2020\/11\/Screenshot_20200916_210448-249x300.jpg 249w, https:\/\/vom-klenna-xiberg.at\/wp-content\/uploads\/2020\/11\/Screenshot_20200916_210448-768x926.jpg 768w, https:\/\/vom-klenna-xiberg.at\/wp-content\/uploads\/2020\/11\/Screenshot_20200916_210448.jpg 1080w\" sizes=\"(max-width: 676px) 100vw, 676px\" \/>\t\t\t\t\t\t\t\t\t\t\t<figcaption class=\"widget-image-caption wp-caption-text\">PRA B, HD B, eU B, Augen frei<\/figcaption>\n\t\t\t\t\t\t\t\t\t\t<\/figure>\n\t\t\t\t\t\t\t\t\t<\/div>\n\t\t\t\t<\/div>\n\t\t\t\t\t<\/div>\n\t\t<\/div>\n\t\t\t\t\t<\/div>\n\t\t<\/section>\n\t\t\t\t<section class=\"elementor-section elementor-top-section elementor-element elementor-element-5bc127f elementor-section-boxed elementor-section-height-default elementor-section-height-default\" data-id=\"5bc127f\" data-element_type=\"section\" data-e-type=\"section\">\n\t\t\t\t\t\t<div class=\"elementor-container elementor-column-gap-default\">\n\t\t\t\t\t<div class=\"elementor-column elementor-col-100 elementor-top-column elementor-element elementor-element-92275a0\" data-id=\"92275a0\" data-element_type=\"column\" data-e-type=\"column\">\n\t\t\t<div class=\"elementor-widget-wrap elementor-element-populated\">\n\t\t\t\t\t\t<div class=\"elementor-element elementor-element-b5009cf elementor-widget elementor-widget-text-editor\" data-id=\"b5009cf\" data-element_type=\"widget\" data-e-type=\"widget\" data-widget_type=\"text-editor.default\">\n\t\t\t\t<div class=\"elementor-widget-container\">\n\t\t\t\t\t\t\t\t\t<p>Alexi kam am 11.08.2016 als Erstgeborene der Zuchtst\u00e4tte \u201evom Steindlhof\u201c mit drei weiteren Geschwistern in Wien Stammersdorf zur Welt. Zwei M\u00e4dels und zwei Jungs sollten es sein. Catharina Steindl ist eine ganz wunderbare und f\u00fcrsorgliche Z\u00fcchterin. Auf dem Biohof Steindl gab es allerlei zu erleben, wodurch die Welpen auf ihr bevorstehendes Leben sehr gut vorbereitet wurden. Die Welpenaufzucht konnten wir per Bilder und Videos nahezu hautnah miterleben.<\/p><p>Lexi ist eine sehr liebe und verschmuste H\u00fcndin. Dadurch, da\u00df der Entlebucher von sich aus schnell aufdreht, haben wir tunlichst vermieden, den Hund unn\u00f6tig aufzupushen. Unkontrolliertes B\u00e4llchen, oder gar St\u00f6ckchen werfen gibt es bei uns nicht. Viel mehr liebt sie es, ausgedehnte Wanderungen und Spazierg\u00e4nge zu machen, bei denen es viel zu schn\u00fcffeln und erkunden gibt. In ihrem ersten Lebensjahr musste sie vor allem lernen, Frust auszuhalten, Ruhe zu bewahren und ihre Impulse zu kontrollieren. Es war eine wahre Freude, zu sehen und zu erleben, wie schnell dieser Hund lernen will, wie motiviert sie ist. Ganz schnell hat uns das M\u00e4del um den Finger gewickelt. Liebevolle, konsequente Erziehung ist bei dieser Rasse von gro\u00dfer Wichtigkeit.<\/p><p>Wir sind auf insgesamt drei Ausstellungen gegangen, waren aber nie mit Herzblut dabei. Wenn das jemand liebt, ist es eine ganz tolle Sache.<\/p><p>LG \u2013 Schau Babenhausen, am 23.07.2017 Jugendklasse SG 1<br \/>IHA Innsbruck, am 20.08.2017 Jugendklasse SG 1<br \/>IHA Kreuzlingen, am 04.08.2018 Zwischenklasse V 1 CAC Reserve CACIB<\/p>\t\t\t\t\t\t\t\t<\/div>\n\t\t\t\t<\/div>\n\t\t\t\t\t<\/div>\n\t\t<\/div>\n\t\t\t\t\t<\/div>\n\t\t<\/section>\n\t\t\t\t<section class=\"elementor-section elementor-top-section elementor-element elementor-element-1fc4c64 elementor-section-boxed elementor-section-height-default elementor-section-height-default\" data-id=\"1fc4c64\" data-element_type=\"section\" data-e-type=\"section\">\n\t\t\t\t\t\t<div class=\"elementor-container elementor-column-gap-default\">\n\t\t\t\t\t<div class=\"elementor-column elementor-col-100 elementor-top-column elementor-element elementor-element-b3400dc\" data-id=\"b3400dc\" data-element_type=\"column\" data-e-type=\"column\">\n\t\t\t<div class=\"elementor-widget-wrap elementor-element-populated\">\n\t\t\t\t\t\t<div class=\"elementor-element elementor-element-0f97034 elementor-widget elementor-widget-image\" data-id=\"0f97034\" data-element_type=\"widget\" data-e-type=\"widget\" data-widget_type=\"image.default\">\n\t\t\t\t<div class=\"elementor-widget-container\">\n\t\t\t\t\t\t\t\t\t\t\t\t<figure class=\"wp-caption\">\n\t\t\t\t\t\t\t\t\t\t<img decoding=\"async\" width=\"601\" height=\"1024\" src=\"https:\/\/vom-klenna-xiberg.at\/wp-content\/uploads\/2020\/11\/Screenshot_20201008_181614-1-601x1024.jpg\" class=\"attachment-large size-large wp-image-75\" alt=\"\" srcset=\"https:\/\/vom-klenna-xiberg.at\/wp-content\/uploads\/2020\/11\/Screenshot_20201008_181614-1-601x1024.jpg 601w, https:\/\/vom-klenna-xiberg.at\/wp-content\/uploads\/2020\/11\/Screenshot_20201008_181614-1-176x300.jpg 176w, https:\/\/vom-klenna-xiberg.at\/wp-content\/uploads\/2020\/11\/Screenshot_20201008_181614-1-768x1309.jpg 768w, https:\/\/vom-klenna-xiberg.at\/wp-content\/uploads\/2020\/11\/Screenshot_20201008_181614-1-901x1536.jpg 901w, https:\/\/vom-klenna-xiberg.at\/wp-content\/uploads\/2020\/11\/Screenshot_20201008_181614-1.jpg 1080w\" sizes=\"(max-width: 601px) 100vw, 601px\" \/>\t\t\t\t\t\t\t\t\t\t\t<figcaption class=\"widget-image-caption wp-caption-text\">LG - Schau Babenhausen 2017<\/figcaption>\n\t\t\t\t\t\t\t\t\t\t<\/figure>\n\t\t\t\t\t\t\t\t\t<\/div>\n\t\t\t\t<\/div>\n\t\t\t\t\t<\/div>\n\t\t<\/div>\n\t\t\t\t\t<\/div>\n\t\t<\/section>\n\t\t\t\t<section class=\"elementor-section elementor-top-section elementor-element elementor-element-f69f6e3 elementor-section-boxed elementor-section-height-default elementor-section-height-default\" data-id=\"f69f6e3\" data-element_type=\"section\" data-e-type=\"section\">\n\t\t\t\t\t\t<div class=\"elementor-container elementor-column-gap-default\">\n\t\t\t\t\t<div class=\"elementor-column elementor-col-100 elementor-top-column elementor-element elementor-element-ec134be\" data-id=\"ec134be\" data-element_type=\"column\" data-e-type=\"column\">\n\t\t\t<div class=\"elementor-widget-wrap elementor-element-populated\">\n\t\t\t\t\t\t<div class=\"elementor-element elementor-element-cfd931a elementor-widget elementor-widget-text-editor\" data-id=\"cfd931a\" data-element_type=\"widget\" data-e-type=\"widget\" data-widget_type=\"text-editor.default\">\n\t\t\t\t<div class=\"elementor-widget-container\">\n\t\t\t\t\t\t\t\t\t<p>Wir m\u00fcssen um der Gesundheit wegen, Lexi aus der Zucht nehmen. Nach einem b\u00f6sartigem Ges\u00e4ugeknoten wurde sie am 06.05.2022 kastriert.<\/p>\t\t\t\t\t\t\t\t<\/div>\n\t\t\t\t<\/div>\n\t\t\t\t\t<\/div>\n\t\t<\/div>\n\t\t\t\t\t<\/div>\n\t\t<\/section>\n\t\t\t\t<\/div>\n\t\t","protected":false},"excerpt":{"rendered":"<p>PRA B, HD B, eU B, Augen frei Alexi kam am 11.08.2016 als Erstgeborene der Zuchtst\u00e4tte \u201evom Steindlhof\u201c mit drei weiteren Geschwistern in Wien Stammersdorf zur Welt. Zwei M\u00e4dels und zwei Jungs sollten es sein. Catharina Steindl ist eine ganz&#8230; <a class=\"more-link\" href=\"https:\/\/vom-klenna-xiberg.at\/index.php\/alexi-vom-steindlhof\/\">Weiterlesen &rarr;<\/a><\/p>\n","protected":false},"author":1,"featured_media":0,"parent":0,"menu_order":0,"comment_status":"closed","ping_status":"closed","template":"","meta":{"footnotes":""},"class_list":["post-19","page","type-page","status-publish","hentry"],"_links":{"self":[{"href":"https:\/\/vom-klenna-xiberg.at\/index.php\/wp-json\/wp\/v2\/pages\/19","targetHints":{"allow":["GET"]}}],"collection":[{"href":"https:\/\/vom-klenna-xiberg.at\/index.php\/wp-json\/wp\/v2\/pages"}],"about":[{"href":"https:\/\/vom-klenna-xiberg.at\/index.php\/wp-json\/wp\/v2\/types\/page"}],"author":[{"embeddable":true,"href":"https:\/\/vom-klenna-xiberg.at\/index.php\/wp-json\/wp\/v2\/users\/1"}],"replies":[{"embeddable":true,"href":"https:\/\/vom-klenna-xiberg.at\/index.php\/wp-json\/wp\/v2\/comments?post=19"}],"version-history":[{"count":19,"href":"https:\/\/vom-klenna-xiberg.at\/index.php\/wp-json\/wp\/v2\/pages\/19\/revisions"}],"predecessor-version":[{"id":340,"href":"https:\/\/vom-klenna-xiberg.at\/index.php\/wp-json\/wp\/v2\/pages\/19\/revisions\/340"}],"wp:attachment":[{"href":"https:\/\/vom-klenna-xiberg.at\/index.php\/wp-json\/wp\/v2\/media?parent=19"}],"curies":[{"name":"wp","href":"https:\/\/api.w.org\/{rel}","templated":true}]}}

<div data-elementor-type="wp-page" data-elementor-id="19" class="elementor elementor-19">
						<section class="elementor-section elementor-top-section elementor-element elementor-element-16742ef elementor-section-boxed elementor-section-height-default elementor-section-height-default" data-id="16742ef" data-element_type="section" data-e-type="section">
						<div class="elementor-container elementor-column-gap-default">
					<div class="elementor-column elementor-col-100 elementor-top-column elementor-element elementor-element-1f14d12" data-id="1f14d12" data-element_type="column" data-e-type="column">
			<div class="elementor-widget-wrap elementor-element-populated">
						<div class="elementor-element elementor-element-505084b elementor-widget elementor-widget-image" data-id="505084b" data-element_type="widget" data-e-type="widget" data-widget_type="image.default">
				<div class="elementor-widget-container">
												<figure class="wp-caption">
										<img fetchpriority="high" decoding="async" width="676" height="815" src="https://vom-klenna-xiberg.at/wp-content/uploads/2020/11/Screenshot_20200916_210448-849x1024.jpg" class="attachment-large size-large wp-image-77" alt="" srcset="https://vom-klenna-xiberg.at/wp-content/uploads/2020/11/Screenshot_20200916_210448-849x1024.jpg 849w, https://vom-klenna-xiberg.at/wp-content/uploads/2020/11/Screenshot_20200916_210448-249x300.jpg 249w, https://vom-klenna-xiberg.at/wp-content/uploads/2020/11/Screenshot_20200916_210448-768x926.jpg 768w, https://vom-klenna-xiberg.at/wp-content/uploads/2020/11/Screenshot_20200916_210448.jpg 1080w" sizes="(max-width: 676px) 100vw, 676px" />											<figcaption class="widget-image-caption wp-caption-text">PRA B, HD B, eU B, Augen frei</figcaption>
										</figure>
									</div>
				</div>
					</div>
		</div>
					</div>
		</section>
				<section class="elementor-section elementor-top-section elementor-element elementor-element-5bc127f elementor-section-boxed elementor-section-height-default elementor-section-height-default" data-id="5bc127f" data-element_type="section" data-e-type="section">
						<div class="elementor-container elementor-column-gap-default">
					<div class="elementor-column elementor-col-100 elementor-top-column elementor-element elementor-element-92275a0" data-id="92275a0" data-element_type="column" data-e-type="column">
			<div class="elementor-widget-wrap elementor-element-populated">
						<div class="elementor-element elementor-element-b5009cf elementor-widget elementor-widget-text-editor" data-id="b5009cf" data-element_type="widget" data-e-type="widget" data-widget_type="text-editor.default">
				<div class="elementor-widget-container">
									<p>Alexi kam am 11.08.2016 als Erstgeborene der Zuchtstätte „vom Steindlhof“ mit drei weiteren Geschwistern in Wien Stammersdorf zur Welt. Zwei Mädels und zwei Jungs sollten es sein. Catharina Steindl ist eine ganz wunderbare und fürsorgliche Züchterin. Auf dem Biohof Steindl gab es allerlei zu erleben, wodurch die Welpen auf ihr bevorstehendes Leben sehr gut vorbereitet wurden. Die Welpenaufzucht konnten wir per Bilder und Videos nahezu hautnah miterleben.</p><p>Lexi ist eine sehr liebe und verschmuste Hündin. Dadurch, daß der Entlebucher von sich aus schnell aufdreht, haben wir tunlichst vermieden, den Hund unnötig aufzupushen. Unkontrolliertes Bällchen, oder gar Stöckchen werfen gibt es bei uns nicht. Viel mehr liebt sie es, ausgedehnte Wanderungen und Spaziergänge zu machen, bei denen es viel zu schnüffeln und erkunden gibt. In ihrem ersten Lebensjahr musste sie vor allem lernen, Frust auszuhalten, Ruhe zu bewahren und ihre Impulse zu kontrollieren. Es war eine wahre Freude, zu sehen und zu erleben, wie schnell dieser Hund lernen will, wie motiviert sie ist. Ganz schnell hat uns das Mädel um den Finger gewickelt. Liebevolle, konsequente Erziehung ist bei dieser Rasse von großer Wichtigkeit.</p><p>Wir sind auf insgesamt drei Ausstellungen gegangen, waren aber nie mit Herzblut dabei. Wenn das jemand liebt, ist es eine ganz tolle Sache.</p><p>LG – Schau Babenhausen, am 23.07.2017 Jugendklasse SG 1<br />IHA Innsbruck, am 20.08.2017 Jugendklasse SG 1<br />IHA Kreuzlingen, am 04.08.2018 Zwischenklasse V 1 CAC Reserve CACIB</p>								</div>
				</div>
					</div>
		</div>
					</div>
		</section>
				<section class="elementor-section elementor-top-section elementor-element elementor-element-1fc4c64 elementor-section-boxed elementor-section-height-default elementor-section-height-default" data-id="1fc4c64" data-element_type="section" data-e-type="section">
						<div class="elementor-container elementor-column-gap-default">
					<div class="elementor-column elementor-col-100 elementor-top-column elementor-element elementor-element-b3400dc" data-id="b3400dc" data-element_type="column" data-e-type="column">
			<div class="elementor-widget-wrap elementor-element-populated">
						<div class="elementor-element elementor-element-0f97034 elementor-widget elementor-widget-image" data-id="0f97034" data-element_type="widget" data-e-type="widget" data-widget_type="image.default">
				<div class="elementor-widget-container">
												<figure class="wp-caption">
										<img decoding="async" width="601" height="1024" src="https://vom-klenna-xiberg.at/wp-content/uploads/2020/11/Screenshot_20201008_181614-1-601x1024.jpg" class="attachment-large size-large wp-image-75" alt="" srcset="https://vom-klenna-xiberg.at/wp-content/uploads/2020/11/Screenshot_20201008_181614-1-601x1024.jpg 601w, https://vom-klenna-xiberg.at/wp-content/uploads/2020/11/Screenshot_20201008_181614-1-176x300.jpg 176w, https://vom-klenna-xiberg.at/wp-content/uploads/2020/11/Screenshot_20201008_181614-1-768x1309.jpg 768w, https://vom-klenna-xiberg.at/wp-content/uploads/2020/11/Screenshot_20201008_181614-1-901x1536.jpg 901w, https://vom-klenna-xiberg.at/wp-content/uploads/2020/11/Screenshot_20201008_181614-1.jpg 1080w" sizes="(max-width: 601px) 100vw, 601px" />											<figcaption class="widget-image-caption wp-caption-text">LG - Schau Babenhausen 2017</figcaption>
										</figure>
									</div>
				</div>
					</div>
		</div>
					</div>
		</section>
				<section class="elementor-section elementor-top-section elementor-element elementor-element-f69f6e3 elementor-section-boxed elementor-section-height-default elementor-section-height-default" data-id="f69f6e3" data-element_type="section" data-e-type="section">
						<div class="elementor-container elementor-column-gap-default">
					<div class="elementor-column elementor-col-100 elementor-top-column elementor-element elementor-element-ec134be" data-id="ec134be" data-element_type="column" data-e-type="column">
			<div class="elementor-widget-wrap elementor-element-populated">
						<div class="elementor-element elementor-element-cfd931a elementor-widget elementor-widget-text-editor" data-id="cfd931a" data-element_type="widget" data-e-type="widget" data-widget_type="text-editor.default">
				<div class="elementor-widget-container">
									<p>Wir müssen um der Gesundheit wegen, Lexi aus der Zucht nehmen. Nach einem bösartigem Gesäugeknoten wurde sie am 06.05.2022 kastriert.</p>								</div>
				</div>
					</div>
		</div>
					</div>
		</section>
				</div>

<p>PRA B, HD B, eU B, Augen frei Alexi kam am 11.08.2016 als Erstgeborene der Zuchtstätte „vom Steindlhof“ mit drei weiteren Geschwistern in Wien Stammersdorf zur Welt. Zwei Mädels und zwei Jungs sollten es sein. Catharina Steindl ist eine ganz&#8230; <a class="more-link" href="https://vom-klenna-xiberg.at/index.php/alexi-vom-steindlhof/">Weiterlesen &rarr;</a></p>
